6. Determine d(h).
-6
Suppose 21 = 3*t - 9. Let b(j) = -3*j**3 + 5*j**2 + 14*j - 3. Let l(f) = -7*f**3 + 8*f**2 + 30*f - 4. Let c(i) = 5*b(i) - 2*l(i). Calculate c(t).
-7
Suppose -2*a + 18 = p, -a - 2*p = p - 24. Let t(b) = 4*b**2 - 10*b - 4. Let k(x) = 5*x**2 - 11*x - 4. Let v(l) = -3*k(l) + 4*t(l). Calculate v(a).
-10
Suppose -133*n + 1098 = 416*n. Let u(q) = 22*q - 9. What is u(n)?
35
Let m(q) be the first derivative of -q**4/12 + 11*q**3/6 - 3*q**2/2 - 99. Let w(k) be the second derivative of m(k). Calculate w(8).
-5
Let r(m) = -m**2 - 12*m + 17. Suppose -57*d = -52*d - 30. Let g be 1520/(-112) + d/(-14). Calculate r(g).
-11
Let l(s) = 29*s - 191. Let v(j) = 16*j - 99. Let g(f) = -6*l(f) + 11*v(f). Give g(9).
75
Let j(q) = -2*q - 34. Let l be j(-19). Let s be 21/6 - l/(-8). Let v(p) = p**2 - 3*p + 5. Give v(s).
9
Let y be 4 - -20 - 2*2. Let x be 11/(-44)*6*y/(-6). Let p(g) = -g + 6. Calculate p(x).
1
Let f(v) = 7*v**3 - v**2 - v - 1. Let r be (2/(-2))/(3*(-4)/48). Suppose r*a - 9 = -2*x + 87, -65 = -3*a + 2*x. Let u = a + -24. Give f(u).
-8
Let u(g) = -g**3 + 14*g**2 - 24*g + 11. Let w be u(12). Suppose 9 + 68 = -w*h. Let a(r) = r**2 + 11*r - 6. Determine a(h).
-34
Let v(g) be the first derivative of g**3/3 + g**2/2 - g + 1. Let a be -2 - (33/(-12) - (15/12)/5). Determine v(a).
1
Let v(y) = -123*y**2 - 74*y**2 + 16 + 308*y**2 - 11*y - y**3 - 120*y**2. Calculate v(-7).
-5
Let l(j) = -2*j + 1. Let u(s) = -40*s - 15. Let n(z) = -25*l(z) + u(z). Let o be n(4). Let c(a) = o*a + 4 + 3*a - 2 - 5. Give c(2).
3
Suppose -77*j + 75*j = -4. Let z(u) = 6 - 25*u + u**j + 3 + 53*u - 10*u + 8. Determine z(-17).
0
Let z(i) = -i**2 - 5. Let b(s) = -5*s**2 - 33*s - 57. Let m(q) = -b(q) + 4*z(q). Give m(-32).
5
Let i(h) = -16*h + 10 - 9*h + h**2 - 2 + 19*h. Let a(y) = 2*y**2 - 6*y + 8. Let d(w) = -2*a(w) + 3*i(w). Suppose 6 = -x - 0. Determine d(x).
8
Let v(f) = 3*f + 5. Let s be ((-8)/6)/(((-4)/(-6))/(-1)). Suppose -4*b + 0*y + 77 = y, 49 = s*b - 3*y. Suppose 10 = -18*j + b*j. Determine v(j).
20
Let w(r) = 7*r - 41. Let q(b) = -16*b + 88. Let g(z) = -6*q(z) - 13*w(z). What is g(-2)?
-5
Let o(v) be the third derivative of 17*v**5/60 + v**4/24 - v**3/6 - 2*v**2. Let d = 24243 + -24242. What is o(d)?
17
Let b = 16066 + -16078. Let n(m) = m**2 + 5*m - 115. What is n(b)?
-31
Let c(t) = -18*t + 1. Suppose i = -4*g + 14, 13*g + i = 12*g + 5. Give c(g).
-53
Let a be 1/1*(-21)/(5 - 8). Let t(j) = 3*j + 3*j - 2 + 0*j - 2*j. Give t(a).
26
Let q(w) be the second derivative of w**5/20 + 3*w**4/4 - 11*w**2/2 + 2114*w. Let x(y) = y - 4. Let c be x(-5). What is q(c)?
-11
Suppose 0 = -2*l - 0*l + 2. Let z(j) = 0 + 47*j - 251*j + 52*j + 67*j + 61*j - 1. What is z(l)?
-25
Let q(v) = 4*v**2 + 1. Let u be ((-2)/(-3))/((-20)/(-30))*5. Let n be 2 - ((-12)/u - 2/(-5)). Suppose 0 = -5*d - n + 9. Determine q(d).
5
Suppose 15 = 5*v + 2*f - 0*f, 0 = -2*f. Suppose 2*y = n - 8, -v = -0*y + y. Let u(p) = -1 + 3*p**3 - 38*p - 2*p**3 - p**n + 36*p. Calculate u(2).
-1
Let t(i) = -2*i**2 - 88*i + 20. Let v be t(0). Let d(b) be the third derivative of -b**5/60 + 5*b**4/6 + b**3/3 + 4*b**2. Give d(v).
2
Let j = -36 + 35. Let u be j + 7/9 - 180/(-81). Suppose -11 = -3*y - 0*y + 2*f, u*y - 2*f = 6. Let r(s) = s**2 - 4*s - 2. Calculate r(y).
3
Let a(r) be the second derivative of 13*r**4/12 + r**3/6 + r**2 - 299*r - 3. Determine a(-1).
14
Let h(q) = q**2 + q - 5. Suppose -5*m + 4*s = -3*m, 4*m = -4*s. Suppose m = 5*k - n + 164, -6*n + 160 = -5*k - n. Let z = k + 33. Give h(z).
-5
Let g(y) be the third derivative of -25*y**4/24 - y**3/6 + 6*y**2 - 5*y. Let o(v) = 62*v + 2. Let r(z) = -12*g(z) - 5*o(z). What is r(2)?
-18
Let q be 4/1 + 1*16/(-8). Suppose -2*y - q*y - 10 = 5*m, 5*m - 5*y - 35 = 0. Let t(g) be the first derivative of 5*g**2/2 - 3*g + 2. What is t(m)?
7
Let m(t) = 5*t**2 + 9*t + 7. Let v be 77/(-14)*18/(-33). Let a(o) = -9*o**2 - 17*o - 14. Let i(r) = v*a(r) + 5*m(r). What is i(-5)?
-27
Let t = 80 + -76. Suppose -t*o + 0*o = 0. Let g(n) = o + 95*n + 3 - 96*n. Calculate g(3).
0
Let j = 23753 + -23773. Let f(k) = -k**3 - 23*k**2 - 59*k + 22. What is f(j)?
2
Suppose 73*o - 1456 = 60*o. Let d(v) = 5*v**2 + 2*v - 5 - o*v**3 + 61*v**3 + 52*v**3. Calculate d(-3).
7
Let a(u) = 21980 - 3*u - 5*u**2 + 10*u**2 + 0*u**2 - 4*u**2 - 5*u**2 - 21979. Suppose m = 0, v = -m - 1 - 2. Determine a(v).
-26
Suppose 5*d - 4*v - 2428 = 0, -28*d + 25*d - v = -1467. Suppose -492*c = -d*c - 36. Let a(r) = r**3 - 9*r**2 + 2*r + 8. Calculate a(c).
26
Let n(y) be the third derivative of 1/60*y**5 - 15 - 19/6*y**3 + 5/24*y**4 + 0*y - 2*y**2. Calculate n(-8).
5
Let d(f) be the second derivative of 5*f**2 + 34*f - 1/20*f**5 - 13/6*f**3 + 0 - 5/4*f**4. Give d(-14).
-4
Let k(p) = -847*p - 4251. Let f be k(-5). Let c(o) = -6*o - 66. What is c(f)?
30
Suppose 1 = -2*m + 5, t = -5*m + 16. Let j(v) be the second derivative of v**2 + 27*v - 1/3*v**3 + 0. Give j(t).
-10
Let l(f) = -f**3 - f**2 - 26. Let z be (1/2)/(27/378). Let n(s) = s**3 - 9*s**2 + 13*s + 7. Let b be n(z). Calculate l(b).
-26
Let l(h) = 2*h - 31. Let o be (123/410)/((-1)/15)*-4. Give l(o).
5
Suppose -5*z - 558 = 5*n + 47, 4*z - 3*n = -456. Let k = 123 + z. Let y(j) = -j**3 + 5*j**2 + 5*j + 4. Determine y(k).
-2
Let w = 7099 + -7099. Let l(u) be the third derivative of -1/60*u**5 + 0 - 1/24*u**4 - 20*u**2 + w*u**3 + 0*u. Calculate l(-3).
-6
Suppose 4*s - 29 = 23. Let v = s + -11. Let l(y) = -61*y + 123*y - 2*y**v + 1 - 61*y. Calculate l(-1).
-2
Suppose 24*d + 0*d + 18264 = 0. Let i = 758 + d. Let n(l) = 3*l**2 + 3*l - 4. Give n(i).
14
Let l = -24 - -27. Let y(s) = 28 - 21 - 4 + l*s. Give y(-3).
-6
Let w(q) = q**2 - 6. Suppose -1 = 5*d - 2*c, -5*d + 0 = -4*c + 7. Suppose 13 = 3*l + 7. Suppose -3 = 2*m + 3*o, l*o - d + 3 = -5*m. What is w(m)?
-6
Let w(f) = -17*f + 6. Let m(s) = s**2 + 48*s - 151. Let p be m(-51). Calculate w(p).
-28
Let t be (-26)/39 + 14/3. Suppose 0*d + 3*d = s + 4, 3*s - 5*d + t = 0. Suppose -4*m = -s*z - 6, 1 = z - m + 2. Let x(c) = -4*c. Calculate x(z).
-4
Let l be (-125)/(-50) + (-1)/2 + 1. Let r be 10/4 + l/(-6). Let p(o) = -o**2 - 2. Determine p(r).
-6
Let x(q) be the second derivative of -q**4/12 + q**3/3 + 3*q**2/2 - 48*q. Let i = -358 + 354. Give x(i).
-21
Let y = 952 + -956. Let o(j) = j**2 + 2*j + 5. Calculate o(y).
13
Let u(p) = -p**2 - 7*p - 1. Let c be u(-6). Let j(x) = -52*x + 450. Let s(m) = -24*m + 208. Let t(l) = -13*j(l) + 28*s(l). Calculate t(c).
-6
Let t(a) = 16*a + 3 + 3*a**2 - 65*a + 9*a - 2*a**2 + 33*a. Let i = -16 + 22. Calculate t(i).
-3
Let t = -21 - -15. Let y(o) = -1 - 1073*o - 2*o**2 - 1087*o + 2152*o. Calculate y(t).
-25
Let w(u) = -u**3 + 9*u**2 - 6*u - 3. Let h(n) = -36*n - 49 - 33*n + 66*n. Let j be h(-19). Determine w(j).
13
Let r(t) = t**3 - 16*t**2 + 12*t + 8. Let y(z) = z**2 + 74*z - 216. Let h be y(3). Calculate r(h).
-37
Let d(g) = -29*g + 100. Let f(i) = 15*i - 29. Let z(u) = -6*d(u) - 11*f(u). Give z(31).
-2
Let r(m) be the second derivative of -m**5/20 + 7*m**4/12 - m**3 - 2*m**2 - 2*m - 236. Let a be ((-1)/2)/((-3)/72). Suppose a = -0*k + 2*k. Calculate r(k).
-4
Let u(y) = -13*y**2 + 2955 + 6*y - 2951 + 19*y**2 - 9*y**2. Determine u(6).
-68
Let j be (-27 - -15)/(((-2)/2)/2). Let a be -1 + -3 + (j/(-3))/(-4). Let c(r) = r**3 + 3*r**2 + 3*r + 5. Determine c(a).
3
Let j(c) = 8*c**2 - 32*c - 1. Let k(n) = -36*n - 1148. Let r be k(-32). Give j(r).
-1
Let i(v) = -v**2 + 1 + 2*v**2 + 8*v + 0*v**2. Suppose -16*y = 5883 - 5771. Determine i(y).
-6
Let i(y) = 3 - 6555*y**3 + 1 + 1 - 3 + 6580*y**3 - y**2 + y. What is i(-1)?
-25
Suppose n = 4*i - 140, n - 5*i - 24 + 169 = 0. Let a be 104/n - (-2)/(-15). Let d(t) = 14*t - 1. Calculate d(a).
-15
Let f(q) = q**3 + 17*q**2 - 20*q - 39. Let z be f(-18). Let d(c) = 19 - 2*c - 9 - 7. What is d(z)?
9
Let r(v) be the first derivative of -19*v**4/4 - v**3/3 - v**2/2 - v - 1002. Determine r(-1).
18
Let i(p) = -2*p**2 + 2*p. Let c(f) = f - 177. Let u be c(28). Let w = -146 - u. Determine i(w).
-12
Let v(z) be the second derivative of 1/20*z**5 + 0 - 247*z + 11/6*z**3 - 13/12*z**4 + 17/2*z**2. What is v(12)?
5
Let t be -472 + 4 + -1 + 3/(-3). Let r = t - -475. Let v(w) = 6*w**2 - 10*w - 3. Let k(g) = -g**2 + g. Let s(h) = -5*k(h) - v(h). Determine s(r).
3
Let f(v) = -27*